{"id":715,"date":"2021-09-10T09:12:52","date_gmt":"2021-09-10T07:12:52","guid":{"rendered":"http:\/\/www.saibot-tech.de\/?page_id=715"},"modified":"2021-09-20T09:24:48","modified_gmt":"2021-09-20T07:24:48","slug":"produkte","status":"publish","type":"page","link":"https:\/\/www.saibot-tech.de\/?page_id=715","title":{"rendered":"BubbleBox"},"content":{"rendered":"\n<ul class=\"wp-block-list\"><li><strong>BubbleBox<\/strong> (449,-\u20ac) ink. MwSt zzgl. Versand<ul><li>Endlich Sprudelwasser aus dem Wasserhahn<ul><li>Kein l\u00e4stiges Kisten schleppen<\/li><li>Kein l\u00e4stiges Flaschen auff\u00fcllen<\/li><\/ul><\/li><li>Wir bieten Ihnen ein Komplettpaket zur Installation,<\/li><li>oder auch gerne eine individuelle L\u00f6sung an.<\/li><li>Wir f\u00fchren auch verschiedene Adapter oder Verl\u00e4ngerungen<\/li><li><a rel=\"noreferrer noopener\" href=\"http:\/\/www.saibot-tech.de\/wp-content\/uploads\/2021\/09\/BubbleBox-Brochure.pdf\" target=\"_blank\">Flyer<\/a> EN<\/li><li><a rel=\"noreferrer noopener\" href=\"http:\/\/www.saibot-tech.de\/wp-content\/uploads\/2021\/09\/bubblebox_Installation.pdf\" target=\"_blank\">Installationsanleitung<\/a> DE<\/li><\/ul><\/li><\/ul>\n\n\n\n<p>Aus aktuellem Anlass ist es im Moment nur m\u00f6glich eine Vorbestellung zu t\u00e4tigen.<\/p>\n\n\n\n<p><a href=\"http:\/\/www.saibot-tech.de\/?page_id=8\">Bitte senden Sie uns dazu eine Anfrage mit dem Betreff &#8222;BubbleBox&#8220;.<\/a><\/p>\n\n\n\n<figure class=\"wp-block-image is-resized is-style-default\"><a href=\"http:\/\/www.saibot-tech.de\/?page_id=815\"><img loading=\"lazy\" decoding=\"async\" src=\"http:\/\/www.saibot-tech.de\/wp-content\/uploads\/2021\/09\/bbox_kit_NDxvZL.png\" alt=\"BubbleBox (Packungsinhalt)\" class=\"wp-image-498\" width=\"596\" height=\"376\"\/><\/a><figcaption><a href=\"http:\/\/www.saibot-tech.de\/?page_id=815\">Komplettpaket (Packungsinhalt)<\/a> <\/figcaption><\/figure>\n\n\n\n<p>Dieser hocheffiziente Karbonisierungsprozess bietet<br>folgende Vorteile gegen\u00fcber anderen In-Line-Systemen:<\/p>\n\n\n\n<ul class=\"wp-block-list\"><li>Ein wirklich kontinuierliches In-Line-System<\/li><li>Kein Reservoir<\/li><li>Keine Limitierung der Wassermenge<\/li><li>Effizientere Karbonisierung<\/li><li>Keine zus\u00e4tzliche K\u00fchlung erforderlich<\/li><li>Keine Elektrizit\u00e4t<\/li><li>&#8211; 50% weniger Platzbedarf<\/li><li>&#8211; 40% geringere Kosten<\/li><li>Verbraucht &#8211; 40% weniger CO2<\/li><\/ul>\n\n\n\n<p><\/p>\n","protected":false},"excerpt":{"rendered":"<p>BubbleBox (449,-\u20ac) ink. MwSt zzgl. Versand Endlich Sprudelwasser aus dem Wasserhahn Kein l\u00e4stiges Kisten schleppen Kein l\u00e4stiges Flaschen auff\u00fcllen Wir bieten Ihnen ein Komplettpaket zur Installation, oder auch gerne eine individuelle L\u00f6sung an. Wir f\u00fchren auch verschiedene Adapter oder Verl\u00e4ngerungen Flyer EN Installationsanleitung DE Aus aktuellem Anlass ist es im&#8230;<\/p>\n","protected":false},"author":2,"featured_media":742,"parent":0,"menu_order":0,"comment_status":"closed","ping_status":"closed","template":"","meta":{"footnotes":""},"class_list":["post-715","page","type-page","status-publish","has-post-thumbnail","hentry"],"_links":{"self":[{"href":"https:\/\/www.saibot-tech.de\/index.php?rest_route=\/wp\/v2\/pages\/715","targetHints":{"allow":["GET"]}}],"collection":[{"href":"https:\/\/www.saibot-tech.de\/index.php?rest_route=\/wp\/v2\/pages"}],"about":[{"href":"https:\/\/www.saibot-tech.de\/index.php?rest_route=\/wp\/v2\/types\/page"}],"author":[{"embeddable":true,"href":"https:\/\/www.saibot-tech.de\/index.php?rest_route=\/wp\/v2\/users\/2"}],"replies":[{"embeddable":true,"href":"https:\/\/www.saibot-tech.de\/index.php?rest_route=%2Fwp%2Fv2%2Fcomments&post=715"}],"version-history":[{"count":28,"href":"https:\/\/www.saibot-tech.de\/index.php?rest_route=\/wp\/v2\/pages\/715\/revisions"}],"predecessor-version":[{"id":833,"href":"https:\/\/www.saibot-tech.de\/index.php?rest_route=\/wp\/v2\/pages\/715\/revisions\/833"}],"wp:featuredmedia":[{"embeddable":true,"href":"https:\/\/www.saibot-tech.de\/index.php?rest_route=\/wp\/v2\/media\/742"}],"wp:attachment":[{"href":"https:\/\/www.saibot-tech.de\/index.php?rest_route=%2Fwp%2Fv2%2Fmedia&parent=715"}],"curies":[{"name":"wp","href":"https:\/\/api.w.org\/{rel}","templated":true}]}}